{"id":8959,"date":"2024-02-26T12:52:28","date_gmt":"2024-02-26T11:52:28","guid":{"rendered":"https:\/\/dublinfilms.fr\/event\/screening-of-yo-vi-tres-luces-negras-at-cinelatino\/"},"modified":"2024-02-27T12:21:39","modified_gmt":"2024-02-27T11:21:39","slug":"screening-of-yo-vi-tres-luces-negras-at-cinelatino","status":"publish","type":"tribe_events","link":"https:\/\/dublinfilms.fr\/en\/event\/screening-of-yo-vi-tres-luces-negras-at-cinelatino\/","title":{"rendered":"Screening of Yo vi tres luces negras at Cin\u00e9latino"},"content":{"rendered":"<p>Screening of <a href=\"https:\/\/dublinfilms.fr\/en\/portfolio\/jai-vu-trois-lumieres\/\">Yo vi tres luces negras<\/a> March 20th at 7:05pm at la Cin\u00e9math\u00e8que in Toulouse, for the Cin\u00e9latino, rencontres de Toulouse festival. The screening will be in the presence of Santiago Lozano \u00c1lvarez, the director. The film is a part of the official fiction competition.<\/p>\n","protected":false},"excerpt":{"rendered":"<p>Screening of Yo vi tres luces negras March 20th at 7:05pm at&#8230;<\/p>\n","protected":false},"author":1,"featured_media":0,"template":"","meta":{"_tribe_events_status":"","_tribe_events_status_reason":"","footnotes":""},"tags":[369,403,371,370,401],"tribe_events_cat":[],"_links":{"self":[{"href":"https:\/\/dublinfilms.fr\/en\/wp-json\/wp\/v2\/tribe_events\/8959"}],"collection":[{"href":"https:\/\/dublinfilms.fr\/en\/wp-json\/wp\/v2\/tribe_events"}],"about":[{"href":"https:\/\/dublinfilms.fr\/en\/wp-json\/wp\/v2\/types\/tribe_events"}],"author":[{"embeddable":true,"href":"https:\/\/dublinfilms.fr\/en\/wp-json\/wp\/v2\/users\/1"}],"version-history":[{"count":3,"href":"https:\/\/dublinfilms.fr\/en\/wp-json\/wp\/v2\/tribe_events\/8959\/revisions"}],"predecessor-version":[{"id":9047,"href":"https:\/\/dublinfilms.fr\/en\/wp-json\/wp\/v2\/tribe_events\/8959\/revisions\/9047"}],"wp:attachment":[{"href":"https:\/\/dublinfilms.fr\/en\/wp-json\/wp\/v2\/media?parent=8959"}],"wp:term":[{"taxonomy":"post_tag","embeddable":true,"href":"https:\/\/dublinfilms.fr\/en\/wp-json\/wp\/v2\/tags?post=8959"},{"taxonomy":"tribe_events_cat","embeddable":true,"href":"https:\/\/dublinfilms.fr\/en\/wp-json\/wp\/v2\/tribe_events_cat?post=8959"}],"curies":[{"name":"wp","href":"https:\/\/api.w.org\/{rel}","templated":true}]}}

Screening of Yo vi tres luces negras at Cinélatino

<p>Screening of <a href="https://dublinfilms.fr/en/portfolio/jai-vu-trois-lumieres/">Yo vi tres luces negras</a> March 20th at 7:05pm at la Cinémathèque in Toulouse, for the Cinélatino, rencontres de Toulouse festival. The screening will be in the presence of Santiago Lozano Álvarez, the director. The film is a part of the official fiction competition.</p>
